 3
1200
-3 (base 16) to base 5
-3
Convert -2002 (base 3) to base 8.
-70
Convert 243 (base 5) to base 12.
61
What is -3 (base 16) in base 4?
-3
-26 (base 14) to base 10
-34
17 (base 14) to base 2
10101
Convert -2 (base 16) to base 9.
-2
0 (base 8) to base 2
0
9 (base 10) to base 9
10
Convert 123 (base 4) to base 10.
27
-13 (base 12) to base 16
-f
Convert 1010100 (base 2) to base 13.
66
Convert -121 (base 3) to base 4.
-100
1211 (base 3) to base 9
54
10001110 (base 2) to base 10
142
49 (base 12) to base 3
2010
-f (base 16) to base 15
-10
Convert 0 (base 12) to base 14.
0
-9 (base 15) to base 14
-9
Convert -302 (base 8) to base 10.
-194
Convert -1000 (base 2) to base 16.
-8
Convert -3 (base 9) to base 13.
-3
Convert -142 (base 6) to base 15.
-42
What is -127 (base 9) in base 10?
-106
What is 32 (base 9) in base 16?
1d
Convert -22 (base 11) to base 14.
-1a
What is 110 (base 5) in base 3?
1010
What is -12 (base 8) in base 4?
-22
110 (base 5) to base 4
132
13 (base 13) to base 8
20
-211 (base 4) to base 9
-41
-1c (base 16) to base 7
-40
Convert 0 (base 16) to base 7.
0
Convert -4 (base 13) to base 12.
-4
4 (base 15) to base 16
4
-10 (base 10) to base 5
-20
Convert 4 (base 13) to base 7.
4
Convert -242 (base 5) to base 3.
-2200
Convert 11 (base 5) to base 12.
6
102 (base 5) to base 8
33
What is -9 (base 12) in base 15?
-9
-1111 (base 2) to base 13
-12
-130 (base 4) to base 8
-34
What is -310 (base 6) in base 3?
-11020
Convert -30 (base 4) to base 10.
-12
What is -7 (base 16) in base 4?
-13
-3 (base 6) to base 5
-3
-174 (base 9) to base 13
-b5
-196 (base 12) to base 10
-258
1 (base 9) to base 4
1
Convert 1 (base 15) to base 8.
1
Convert -56 (base 7) to base 13.
-32
-2 (base 12) to base 14
-2
What is -1 (base 2) in base 8?
-1
-1 (base 12) to base 6
-1
What is 7 (base 12) in base 4?
13
-22 (base 9) to base 11
-19
1 (base 11) to base 13
1
Convert -20201 (base 3) to base 7.
-346
Convert 9 (base 15) to base 12.
9
-1320 (base 4) to base 12
-a0
Convert -112 (base 8) to base 7.
-134
-3 (base 4) to base 12
-3
Convert 46 (base 9) to base 8.
52
What is -22 (base 15) in base 4?
-200
Convert 0 (base 2) to base 4.
0
Convert -55 (base 6) to base 9.
-38
Convert -8 (base 14) to base 3.
-22
What is 1130 (base 4) in base 9?
112
Convert 12 (base 15) to base 6.
25
What is -111 (base 3) in base 16?
-d
Convert -9 (base 15) to base 7.
-12
What is -20 (base 7) in base 11?
-13
What is -143 (base 13) in base 4?
-3200
What is 11030 (base 4) in base 12?
238
Convert 43 (base 5) to base 13.
1a
What is 301 (base 4) in base 15?
34
Convert 86 (base 9) to base 4.
1032
What is -101 (base 2) in base 13?
-5
What is -14 (base 6) in base 11?
-a
What is 40 (base 6) in base 2?
11000
10 (base 6) to base 3
20
Convert -2 (base 6) to base 11.
-2
Convert 3 (base 12) to base 11.
3
What is -2 (base 8) in base 6?
-2
Convert 1 (base 6) to base 11.
1
Convert -5 (base 11) to base 16.
-5
-102210 (base 3) to base 2
-100111110
-7 (base 11) to base 5
-12
Convert -42 (base 6) to base 11.
-24
0 (base 8) to base 16
0
Convert -13 (base 7) to base 5.
-20
Convert -10 (base 9) to base 2.
-1001
What is 11 (base 11) in base 3?
110
Convert 17 (base 10) to base 15.
12
What is -24 (base 9) in base 11?
-20
Convert 3 (base 5) to base 8.
3
Convert 8 (base 11) to base 15.
8
Convert 11 (base 2) to base 6.
3
-117 (base 11) to base 9
-164
What is -1101 (base 2) in base 14?
-d
Convert 0 (base 11) to base 4.
0
Convert -b (base 13) to base 5.
-21
Convert -33 (base 8) to base 3.
-1000
What is -2212 (base 3) in base 7?
-140
-1 (base 3) to base 11
-1
220 (base 3) to base 12
20
-20 (base 3) to base 14
-6
Convert -2a1 (base 11) to base 9.
-432
-11 (base 7) to base 12
-8
What is -222 (base 6) in base 8?
-126
What is 9 (base 16) in base 9?
10
3 (base 11) to base 12
3
-61 (base 10) to base 12
-51
What is -2e (base 16) in base 2?
-101110
Convert 9 (base 13) to base 4.
21
Convert 2 (base 10) to base 8.
2
-2 (base 14) to base 3
-2
Convert 6 (base 12) to base 7.
6
3 (base 8) to base 12
3
What is -4 (base 16) in base 13?
-4
Convert 92 (base 11) to base 14.
73
Convert -2 (base 11) to base 6.
-2
Convert -d (base 16) to base 3.
-111
11002 (base 3) to base 16
6e
Convert -6 (base 9) to base 7.
-6
Convert 3 (base 5) to base 8.
3
What is 147 (base 11) in base 3?
20101
35 (base 16) to base 2
110101
Convert -31 (base 8) to base 13.
-1c
3 (base 8) to base 12
3
-20 (base 13) to base 9
-28
Convert 23 (base 10) to base 6.
35
What is 167 (base 16) in base 2?
101100111
Convert 3 (base 12) to base 13.
3
Convert -3 (base 6) to base 12.
-3
Convert 14 (base 12) to base 8.
20
What is 1 (base 14) in base 15?
1
Convert 21 (base 4) to base 10.
9
Convert 6 (base 12) to base 14.
6
Convert 87 (base 13) to base 12.
93
Convert 111 (base 2) to base 3.
21
What is 2 (base 15) in base 3?
2
c (base 15) to base 2
1100
What is -11 (base 2) in base 8?
-3
-62 (base 9) to base 7
-110
What is 304 (base 7) in base 9?
177
-14 (base 8) to base 10
-12
Convert 3 (base 13) to base 6.
3
What is 102010 (base 3) in base 15?
150
Convert -90 (base 12) to base 13.
-84
-12 (base 13) to base 4
-33
244 (base 6) to base 10
100
What is -4 (base 6) in base 7?
-4
32 (base 7) to base 3
212
Convert 150 (base 8) to base 7.
206
-7 (base 8) to base 16
-7
Convert -1 (base 7) to base 4.
-1
What is -b (base 13) in base 11?
-10
-7 (base 16) to base 2
-111
-4 (base 10) to base 8
-4
What is 109 (base 11) in base 12?
aa
-110 (base 3) to base 10
-12
What is 13 (base 7) in base 3?
101
Convert 1 (base 3) to base 13.
1
Convert 256 (base 7) to base 14.
9d
Convert -131 (base 7) to base 9.
-78
Convert 4 (base 9) to base 5.
4
What is -1 (base 9) in base 4?
-1
Convert -4 (base 10) to base 14.
-4
50 (base 7) to base 12
2b
Convert 10 (base 7) to base 15.
7
What is 11101 (base 2) in base 7?
41
-2 (base 4) to base 9
-2
12 (base 6) to base 5
13
Convert 3b (base 14) to base 15.
38
-13 (base 7) to base 14
-a
13 (base 10) to base 15
d
Convert 100 (base 5) to base 7.
34
Convert -2 (base 12) to base 10.
-2
What is -60 (base 10) in base 4?
-330
4 (base 15) to base 10
4
71 (base 13) to base 14
68
36 (base 15) to base 10
51
Convert 234 (base 5) to base 16.
45
Convert e9 (base 16) to base 2.
11101001
Convert -104 (base 5) to base 8.
-35
Convert -6 (base 15) to base 4.
-12
-223 (base 7) to base 8
-163
Convert -24 (base 7) to base 2.
-10010
-20 (base 4) to base 3
-22
-124 (base 10) to base 12
-a4
6 (base 12) to base 6
10
-12 (base 16) to base 14
-14
What is 10 (base 5) in base 16?
5
Convert -54 (base 13) to base 7.
-126
What is 2 (base 14) in base 12?
2
Convert 1 (base 4) to base 15.
1
-13 (base 4) to base 12
-7
What is 10120 (base 3) in base 6?
240
29 (base 10) to base 9
32
Convert -2 (base 13) to base 3.
-2
Convert 5 (base 10) to base 12.
5
What is 1 (base 12) in base 7?
1
-263 (base 9) to base 15
-e9
-27 (base 16) to base 8
-47
-4 (base 14) to base 4
-10
What is 39 (base 16) in base 6?
133
Convert -4b (base 16) to base 11.
-69
-213 (base 7) to base 15
-73
What is 48 (base 10) in base 6?
120
Convert 19 (base 12) to base 7.
30
What is 14 (base 5) in base 7?
12
Convert -30 (base 5) to base 6.
-23
326 (base 7) to base 13
cb
-b (base 13) to base 10
-11
45 (base 11) to base 12
41
Convert -6 (base 8) to base 9.
-6
What is -110011 (base 2) in base 16?
-33
Convert -30 (base 8) to base 4.
-120
Convert -6 (base 16) to base 8.
-6
0 (base 5) to base 13
0
-203 (base 4) to base 11
-32
Convert 2 (base 9) to base 6.
2
What is 8 (base 12) in base 16?
8
What is -203 (base 5) in base 6?
-125
What is -1211 (base 6) in base 4?
-10213
What is 101 (base 6) in base 8?
45
124 (base 8) to base 6
220
What is -143 (base 7) in base 8?
-120
Convert -21 (base 6) to base 14.
-d
-20 (base 14) to base 13
-22
What is -10 (base 3) in base 9?
-3
What is 3 (base 6) in base 8?
3
Convert -1c (base 16) to base 13.
-22
What is 2 (base 16) in base 14?
2
Convert 5 (base 14) to base 7.
5
Convert -10212 (base 3) to base 10.
-104
What is 2 (base 10) in base 3?
2
-1 (base 14) to base 4
-1
Convert -100 (base 2) to base 3.
-11
What is 2 (base 14) in base 5?
2
What is 30 (base 16) in base 13?
39
Convert 11 (base 6) to base 4.
13
8 (base 16) to base 8
10
What is 11 (base 11) in base 16?
c
Convert 11 (base 4) to base 7.
5
Convert -1222 (base 3) to base 4.
-311
What is 7 (base 8) 